e highest common divisor of 2816 and 3575176?
88
What is the greatest common factor of 17739 and 154629?
81
Calculate the highest common factor of 3297995 and 26270.
185
What is the highest common factor of 792730 and 29?
1
What is the highest common factor of 5509 and 540669?
787
What is the greatest common divisor of 8631 and 1202997?
411
What is the highest common factor of 1011994 and 549926?
3254
Calculate the greatest common divisor of 210223 and 662805.
1339
Calculate the highest common divisor of 35 and 1316370.
5
Calculate the highest common factor of 33813 and 40833.
117
Calculate the highest common divisor of 490056 and 8148.
84
What is the greatest common divisor of 1091068 and 182086?
362
What is the greatest common divisor of 999108 and 29?
29
Calculate the greatest common factor of 9261 and 15417.
27
Calculate the greatest common factor of 17094996 and 2278.
34
What is the highest common factor of 8411277 and 2856?
357
Calculate the greatest common divisor of 36 and 625280274.
18
Calculate the greatest common factor of 158289 and 30723.
57
Calculate the greatest common divisor of 21258379 and 25103.
1931
What is the greatest common factor of 1586 and 11814785?
61
What is the highest common divisor of 189 and 17435670?
21
Calculate the greatest common factor of 5027895 and 55.
5
Calculate the highest common divisor of 4475401 and 854133.
3199
Calculate the greatest common divisor of 1377340 and 13000.
20
Calculate the greatest common divisor of 12969793 and 579.
193
Calculate the greatest common divisor of 217 and 733274.
31
What is the greatest common factor of 218171502 and 27?
27
Calculate the greatest common divisor of 166242 and 292134.
1614
Calculate the highest common divisor of 431208545 and 2477.
2477
What is the greatest common factor of 20 and 6044188?
4
What is the highest common divisor of 64 and 6156064?
32
Calculate the highest common divisor of 120297 and 69.
3
Calculate the highest common divisor of 470 and 2011271.
47
What is the highest common divisor of 3356448 and 74208?
96
What is the highest common divisor of 1149652 and 1387?
19
What is the greatest common factor of 97527 and 2125758?
1653
What is the greatest common divisor of 3398759 and 833?
119
Calculate the greatest common factor of 212195 and 1054.
31
Calculate the greatest common divisor of 1466 and 15678137.
733
Calculate the highest common divisor of 433472160 and 240.
240
Calculate the greatest common divisor of 52880015 and 1138.
569
Calculate the greatest common divisor of 46552647 and 34.
17
Calculate the greatest common divisor of 2895 and 1006991010.
2895
What is the greatest common divisor of 3423 and 290304630?
3423
What is the highest common factor of 111 and 608539?
37
Calculate the highest common factor of 7147650 and 765.
255
Calculate the highest common divisor of 2823 and 4479.
3
What is the highest common factor of 6996296 and 8?
8
What is the greatest common divisor of 1664 and 365053?
13
What is the greatest common divisor of 21581 and 585606601?
3083
What is the greatest common divisor of 6 and 12773361?
3
What is the highest common divisor of 1715 and 50909530?
245
Calculate the greatest common divisor of 96628483 and 14.
7
Calculate the highest common divisor of 5124 and 14881804.
1708
Calculate the greatest common divisor of 4880 and 12518160.
80
Calculate the highest common factor of 1884 and 65341516.
628
Calculate the highest common divisor of 163111144 and 224.
56
What is the highest common factor of 10158 and 87272457?
5079
What is the highest common factor of 4911579 and 81?
9
Calculate the highest common divisor of 7580 and 3676840.
20
Calculate the greatest common divisor of 5626537 and 7952.
497
What is the highest common divisor of 704 and 91195456?
704
What is the greatest common divisor of 27295255 and 845?
65
What is the highest common factor of 181701 and 10214081?
1553
What is the greatest common divisor of 3402 and 989793?
189
What is the greatest common factor of 77882106 and 558?
186
What is the greatest common factor of 1745140 and 340?
20
Calculate the greatest common factor of 14189127 and 4527.
1509
What is the highest common factor of 24167 and 943228?
143
Calculate the highest common divisor of 1249730 and 1222.
94
What is the highest common divisor of 2342608 and 42656?
496
Calculate the greatest common factor of 48095912 and 6368.
1592
Calculate the greatest common divisor of 26505133 and 61617.
893
Calculate the greatest common factor of 17933 and 255565.
79
Calculate the highest common factor of 3943080 and 2439.
9
Calculate the highest common divisor of 892 and 860132854.
446
What is the greatest common factor of 88 and 13730233?
11
What is the highest common divisor of 8650 and 99500?
50
Calculate the highest common factor of 332289 and 51915690.
3573
Calculate the greatest common factor of 164192736 and 6.
6
Calculate the highest common factor of 739626210 and 6444.
3222
What is the greatest common factor of 1456 and 146768?
16
Calculate the greatest common factor of 1495288 and 21636.
2404
Calculate the greatest common divisor of 1337740 and 16.
4
Calculate the highest common factor of 10006330 and 29210.
1270
What is the highest common factor of 842 and 148171792?
842
What is the greatest common divisor of 7300 and 883900?
100
What is the highest common divisor of 1200 and 2007850?
50
Calculate the highest common divisor of 249936 and 1143.
381
What is the greatest common divisor of 24 and 800179212?
12
Calculate the highest common factor of 42 and 77770644.
42
What is the greatest common divisor of 1044300 and 8925?
75
What is the highest common factor of 19 and 97395577?
19
Calculate the greatest common divisor of 272 and 157058172.
68
What is the greatest common divisor of 122 and 282002?
2
What is the highest common factor of 20577 and 96748?
361
What is the greatest common divisor of 14478375 and 3675?
75
What is the greatest common divisor of 2905036 and 291044?
772
What is the highest common factor of 1121668 and 432118?
9194
What is the greatest common divisor of 10882140 and 17085?
1005
What is the highest common divisor of 9563 and 242219?
131
What is the greatest common divisor of 180 and 8118040?
20
Calculate the highest common divisor of 60637263 and 3.
3
What is the greatest common divisor of 2490 and 8595?
15
Calculate the highest common factor of 7 and 7169890.
7
What is the greatest common divisor of 482 and 763373043?
241
Calculate the greatest common divisor of 10493416 and 24.
8
Calculate the greatest common factor of 6736878 and 27.
27
What is the highest common factor of 49269417 and 3706?
1853
What is the highest common divisor of 15 and 440210943?
3
What is the greatest common factor of 620288 and 262?
2
Calculate the highest common divisor of 10418299 and 157986.
8777
What is the highest common factor of 72745928 and 1668?
556
What is the greatest common divisor of 14597 and 14377?
11
Calculate the highest common factor of 1672401 and 1477492.
1363
Calculate the greatest common factor of 114174767 and 1953.
217
What is the highest common factor of 518790 and 10635?
15
What is the highest common divisor of 5625350 and 225?
25
What is the highest common divisor of 13904917 and 13?
13
Calculate the highest common factor of 360 and 35338.
2
What is the highest common factor of 554878 and 659?
659
Calculate the greatest common factor of 22759484 and 33.
11
Calculate the greatest common factor of 52 and 311722112.
52
What is the greatest common factor of 35441 and 29035475?
581
Calculate the highest common factor of 195848 and 14.
2
What is the greatest common factor of 21932468 and 710?
142
What is the highest common divisor of 411452 and 220284?
116
Calculate the greatest common factor of 450120 and 165000.
1320
What is the greatest common factor of 32925800 and 460?
20
Calculate the highest common divisor of 190686456 and 62.
62
What is the greatest common factor of 239665680 and 46242?
6606
Calculate the greatest common divisor of 137 and 13299001.
137
Calculate the greatest common divisor of 14616 and 10541790.
3654
What is the highest common factor of 92760751 and 893?
47
What is the greatest common divisor of 5243619 and 248?
31
What is the greatest common factor 